 y*f - 4*w = 2*f - 8. What are the prime factors of f?
2
Suppose -b = 5*s - 50, -s - 2*b - b - 4 = 0. What are the prime factors of 3/9 + s/3?
2
Let g = 32 - 16. Suppose -4*y = -5*p + g, 3*y = -0 + 3. Suppose -p*l = -5*l + 10. List the prime factors of l.
2, 5
List the prime factors of 6*105/5 + 2.
2
Suppose 2*t - 5 = 5, -5*c = -2*t. Suppose -c*p + 0 + 4 = 0. Suppose -2*r + 29 = 3*b, -p*r - 31 = -4*b + 3*r. What are the prime factors of b?
3
Let b(r) = r**3 - 5*r**2 - 6*r + 2. Let o be b(6). Suppose -4 = a + a. List the prime factors of (-2)/(0 + a/o).
2
Let a = 2 - -32. What are the prime factors of a?
2, 17
Let a = -24 + 16. Let b = a - -14. List the prime factors of b.
2, 3
Suppose 0 = 5*c - 93 - 257. What are the prime factors of c?
2, 5, 7
Let x(t) = -131*t**2. Let q be x(-1). Let l = q - -87. What are the prime factors of (2/4)/((-2)/l)?
11
Let d be (-2)/(-4) - 21/6. Let w be ((-2)/d)/(4/6). Suppose -2*n + 21 - w = 2*y, -7 = -n - 4*y. What are the prime factors of n?
11
Let a(f) = 2*f - 1. Let x be a(-1). Let k be (2/5)/(x/(-15)). Let z = 0 + k. List the prime factors of z.
2
Let q(w) = -w**3 - 7*w**2 - 5*w + 10. List the prime factors of q(-6).
2
Suppose 48 = -2*d + 6*d. Let s = -10 + d. List the prime factors of s.
2
Suppose 2*u = -4*t - 0*t + 218, 0 = 2*u - 3*t - 253. What are the prime factors of u?
7, 17
Let a = 270 + -30. What are the prime factors of a?
2, 3, 5
Let l(v) = -v**2 + 6*v + 2. Let m be l(7). Let d = 8 + m. What are the prime factors of ((-2)/d)/(14/(-147))?
7
Let s(l) = -5*l + 2*l + 2*l + 2*l. What are the prime factors of s(6)?
2, 3
Let s = 240 - 126. Let a = s + -80. List the prime factors of a.
2, 17
Suppose -6*y + 728 = -178. What are the prime factors of y?
151
Suppose w + 0 + 17 = 0. Let n = 0 - w. What are the prime factors of n?
17
Suppose 6 = 3*z, -4*d - 6*z = -5*z - 798. What are the prime factors of d?
199
Suppose 5*p - 5*s - 49 = 2*p, -4*p - 2*s = -100. Suppose 3*d = 4 + p. What are the prime factors of d?
3
Let r(l) = -2*l - 4. Let d be r(6). Let v = -10 - d. What are the prime factors of v?
2, 3
Let a(h) = -h + 22. Let c be a(16). List the prime factors of ((-9)/c)/((-6)/116).
29
Let k be 34/8 + (-7)/28. Suppose 9 = -k*i + 25. Let y(z) = -z**2 + 4*z + 2. List the prime factors of y(i).
2
Let j(q) = 130*q - 5. List the prime factors of j(2).
3, 5, 17
Let v(c) = c**2 + 12*c - c + 10 - 2*c. List the prime factors of v(-9).
2, 5
Let k be 6/4 - (-2)/4. Suppose 4*o + k*y + 3 = 31, -3*y = 4*o - 24. What are the prime factors of o?
3
Let z(i) = -i**3 + 3*i**2 + 3*i + 2. Let w(x) = 2*x - 12. Let o be w(8). Let n be z(o). What are the prime factors of ((-6)/n)/((-2)/(-4))?
2, 3
Let r(i) = i**2 - 2*i - 5. Suppose -19 = 3*a - 6*a - 5*n, 2*a - 12 = -3*n. Let p be (-3)/a + 9 + -2. What are the prime factors of r(p)?
19
Let x be (2 + (-9)/6)*8. Suppose -x*j - 3 = -5*j. List the prime factors of j.
3
Let p be 1/((2 + -1)/6). Suppose 0 = -p*l + l + 15. Suppose -l*h = 3*t - 6, -t + 4 - 2 = 2*h. List the prime factors of t.
2
Let p = 31 + -67. Let j = -25 - p. List the prime factors of j.
11
Suppose -w = -3*c + 6, 5*c + 2*w = 3*w + 12. Suppose 0*s = s - 2*o - 1, 3 = c*s - o. What are the prime factors of (0 - s)*4/(-2)?
2
Let y(t) be the third derivative of t**6/360 + t**4/12 - t**3/6 + t**2. Let c(s) be the first derivative of y(s). What are the prime factors of c(3)?
11
Suppose -3*a + 2 + 4 = 0. Suppose a*m - 28 - 8 = 0. List the prime factors of m.
2, 3
Let q = 562 - 311. List the prime factors of q.
251
Suppose 395 = -36*l + 41*l. List the prime factors of l.
79
Let i be ((-2)/5)/((-6)/30). What are the prime factors of 1/i*(16 - 0)?
2
Let n(h) be the third derivative of -h**5/60 + h**4/3 - 5*h**3/6 + h**2. List the prime factors of n(5).
2, 5
Let q be 7 + ((-1)/1 - 0). Let s = -1 + q. Suppose -3*t - 5 = -u, -2*u + 0*t = s*t - 32. What are the prime factors of u?
11
Let b = -243 + 412. List the prime factors of b.
13
Let l(s) = -s + 2. Let j(a) = -7*a**3 + a**2 + a + 1. Let q be j(-1). Let v be l(q). Let h = 18 + v. What are the prime factors of h?
2, 3
Let y be 111/6 + 3/6. Let f = -2 + y. What are the prime factors of f?
17
Let w = 13 + -13. Suppose 2*i - 122 = -3*q, -2*q + w*q + 5*i = -75. List the prime factors of q.
2, 5
Let d be 10/(-35) - (-9)/7. Suppose z - d = 2. List the prime factors of z.
3
Suppose -2*l - 3 + 15 = 0. Suppose w = 17 - l. Suppose 0 = -t - 0*t + w. List the prime factors of t.
11
Let q(p) = -p**3 - 5*p**2 + 3*p - 2. Let a(t) = -2*t**3 - 4*t**2 + 2*t - 2. Let j(n) = 2*a(n) - 3*q(n). What are the prime factors of j(6)?
2
Let m(t) = -5*t**2 + 3 + 2*t**2 - 4*t + 2*t**2. Let k be m(-5). What are the prime factors of k/3*(-15)/2?
5
What are the prime factors of 36*4/(8/6)?
2, 3
Let f = 93 - 43. What are the prime factors of f?
2, 5
Let h = 535 - 338. What are the prime factors of h?
197
Let v = 4 - -1. Suppose 4*t + j = 6*j + 100, -v*t + 4*j + 134 = 0. List the prime factors of (t/(-25))/((-4)/10).
3
Let n(a) = 7*a + 3. Let x be n(-3). Let b = x + 41. What are the prime factors of b?
23
Suppose 2*q = 7*q - 65. Suppose 0 = -4*o - 1 + q. List the prime factors of o.
3
Suppose 3*n - 129 = -15. What are the prime factors of n?
2, 19
Suppose 0 = 2*l - 1 - 7. Suppose z + 3*v + 6 = 0, l*z + z + v - 40 = 0. Suppose 0 = 3*f - z - 15. What are the prime factors of f?
2
Suppose 0 = 3*k - 6*h + 3*h - 6, -2*k = 2*h - 4. Suppose k*l = -0*l + 16. List the prime factors of l.
2
Suppose 6 + 2 = 2*j. Suppose 4 + 16 = -j*d. Let m = 5 - d. List the prime factors of m.
2, 5
Suppose 3*c - 1226 = -0*r - 2*r, 5*c + 2*r = 2042. What are the prime factors of c?
2, 3, 17
Let g(l) = 2*l + 8. Let u(q) = q - 3. Let t be u(12). List the prime factors of g(t).
2, 13
Let g = -73 - -145. Suppose -5*q - 4*p + 196 = 0, -5*q + 104 + g = -p. List the prime factors of q.
2, 3
Let n(x) be the third derivative of 1/6*x**3 + 0 + 0*x - x**2 + 5/24*x**4. List the prime factors of n(2).
11
Let n be 10 + (-2 + 2)/(-3). Let p be (-4)/(-3)*(-1 + -2). Let x = n + p. What are the prime factors of x?
2, 3
List the prime factors of (-36)/5*100/(-30).
2, 3
Let v(w) = -62*w - 17. What are the prime factors of v(-5)?
293
Let p = 6 + -9. Let n(d) = 3*d**3 - 4. Let h(f) = 7*f**3 + f**2 - 9. Let c(t) = 4*h(t) - 9*n(t). What are the prime factors of c(p)?
3
Suppose -183*y + 185*y = 106. What are the prime factors of y?
53
Suppose 4*r + 12 = 0, 2*l - 4*r - 9 = r. Let o = l - -3. Suppose o*v = -v + 5. List the prime factors of v.
5
Let n be (45/3)/(-1 + 0). Let c = 26 + n. What are the prime factors of c?
11
Let t = 17 - 10. List the prime factors of t.
7
Suppose -209 = -3*q + 5*u, 0 = q - 6*q - 3*u + 337. What are the prime factors of q?
2, 17
Suppose 0 = 3*s - 4 - 11. Suppose 2*n - a = a + 54, -4*a = -s*n + 137. What are the prime factors of n?
29
Let r(g) = -3*g**2 + 0*g + 3*g + 4*g**2. Let x = 5 - 10. What are the prime factors of r(x)?
2, 5
Let y(w) = w**3 - 2*w**2 + 3*w + 10. Let l be y(5). Suppose 5*p - 285 = 5*k - 0*k, -5*k + l = 2*p. What are the prime factors of p?
5, 11
Suppose 0 = -5*i + 94 + 31. What are the prime factors of i?
5
Let s(h) = 2*h + 6. Let u be s(-5). Let m = u - 5. What are the prime factors of 2 - (m - 2)*1?
13
Let g = 6 + -8. Let c(b) = b**3 - 8*b**2 - 9*b - 4. Let x be c(9). List the prime factors of 2 - (x/g - 4).
2
Let v(c) = c**3 + 2*c**2 + 2. Let o be v(-2). Suppose -4*k + 7*b - 2*b = -164, 0 = o*k + 2*b - 82. What are the prime factors of k?
41
List the prime factors of 3*-2*1164/(-36).
2, 97
Let b = -473 + 757. What are the prime factors of b/14 + 2/(-7)?
2, 5
Let z = 7 - -5. Let p = -8 + z. List the prime factors of p.
2
Let q(p) = p + 6*p**3 - p**2 + 1 + p - p**2 - 5*p**3. What are the prime factors of q(2)?
5
Suppose 3*a = -a. Suppose -5*z + z + 76 = a. What are the prime factors of z?
19
Suppose -3*s = -5*k - 21, 0 = k + 5*s + 14 + 7. List the prime factors of (k/2 - -1)/(-1).
2
Suppose 4*h = 12, -2*a = -a - 4*h + 7. Let s(k) = -2*k - k + a*k. List the prime factors of s(5).
2, 5
What are the prime factors of ((-15)/6)/((-2)/28)?
5, 7
Let b = 4 + 1. Let m(d) = d**2 + 0 + 5*d + 4 - d**3 + 3*d**2. What are the prime factors of m(b)?
2
Let d(g) = 13 - g - 2*g - 2*g + 4*g. Let n(y) = -y**3 + 5*y**2 + 3*y - 7. Let j be 